 Give l(c).
3
Let t be (2 + -3 - 1)*(0 - 2). Let p(w) = -w**3 + 5*w**2 + w + 3. Calculate p(t).
23
Let y(z) = -10*z**3 - 6*z**2 - 2*z + 5. Let h(m) = m**3 - 10*m**2 - 9*m - 28. Let a be h(11). Let r(b) = -b**2 + 1. Let k(d) = a*r(d) + y(d). Determine k(-1).
11
Let x(o) = 7. Let b(f) = -20. Let p(r) = 6*b(r) + 17*x(r). Let u(k) = -2*k - 12. Let c(y) = -6*p(y) + u(y). Suppose 35 = -3*m + 17. Determine c(m).
6
Let h be 0 - -2 - (-3 - 9/(-3)). Suppose h*z - 10 = -4*j, 0 = 3*j - 6*j - z + 10. Let b(l) = l**2 - 4*l - 3. Give b(j).
2
Let h(y) = y**2 - 5*y + 8. Let l(q) = -q**2 + 30*q - 51. Let r be l(28). Determine h(r).
8
Let m(f) = -6*f + 5 - 7 + 4 + f - 1. What is m(-4)?
21
Suppose c + 10 = 2*z + 3*c, z = c - 1. Let b = 41 + -40. Let w(r) = r**3 - r. Let l(k) = 2*k**3 + k**2 - 4*k + 1. Let s(t) = b*l(t) - 3*w(t). Give s(z).
-5
Let l(x) be the first derivative of -x**6/120 + x**5/60 - 4*x**3/3 - 2. Let d(y) be the third derivative of l(y). Give d(2).
-8
Let k(f) = -f**3 + 3*f**2 + 8*f - 1. Let a be k(-2). Let d(g) = -g**3 + 5*g**2 - 2*g - 8. Determine d(a).
4
Let h(o) = 14*o**3 + 34*o**2 + 4*o + 32. Let l(a) = -5*a**3 - 12*a**2 - a - 11. Let z(b) = -4*h(b) - 11*l(b). Give z(-3).
-1
Suppose 3*i = h - 12, 2*i + 2 + 6 = -2*h. Suppose -4*u + 3*p - p = -10, p + 7 = 3*u. Let t(a) = -u*a + 7 - a + 4*a. What is t(h)?
7
Let l(g) = -84*g - 15. Let t be l(-7). Let p be t/(-27) - (-10)/45. Let z = -25 - p. Let o(u) = u**2 + 2*u - 4. Determine o(z).
4
Let i(p) be the first derivative of -p**2 - 5*p + 2. Let f(j) = 7*j - 67. Let o be f(9). What is i(o)?
3
Suppose 24*m - 34*m = -40. Let l(a) = -a**3 + 5*a**2 - 7*a + 10. Determine l(m).
-2
Suppose -10 - 17 = -w + 5*q, -4*w + q + 13 = 0. Suppose -w*h - 3*h = -30. Let s = h - 12. Let f(o) = -o**2 - 5*o + 2. Determine f(s).
-4
Suppose 0 = -a + 1 - 0. Let c(g) = 14*g**3 - g. Let i be c(a). Let b(z) = 23*z - 3*z**2 + 1 - 11*z - i*z. Calculate b(1).
-3
Suppose -93*c + 89*c + 10 = -k, 0 = 5*c + 2*k + 7. Let v(r) = -7*r**2 + 1 + 3*r**2 - r + r**2. Calculate v(c).
-3
Let i(r) = -4*r + 3. Let z(t) = 15*t - 13. Let m(g) = 22*i(g) + 6*z(g). Let j be (2/(-5))/(7 + (-31)/5)*-18. Determine m(j).
6
Let k(u) = u**3 - 6*u**2 - 6*u - 9. Let d = -5 + 12. Suppose -9*t + 10*t - d = 0. Determine k(t).
-2
Let m(x) = 37*x**2 + 7*x**3 - 6*x**3 - 32*x**2. What is m(-5)?
0
Let s = -33 + 51. Suppose -20 = v - 38. Let o = s - v. Let f(h) = h - 6. What is f(o)?
-6
Let l(z) = -z**2 + 7*z + 8. Let q(a) = -a**2 + 9*a + 10. Let o(k) = 5*l(k) - 4*q(k). Determine o(-2).
-2
Let j(s) = -3*s - 16. Let m be j(-7). Suppose 2*c + 3 - 2 = 5*i, m*i - 15 = -5*c. Let w be i - -5*6/(-5). Let n(y) = -2*y - 6. What is n(w)?
4
Suppose o = -0 - 3. Let t(c) = c**3 + 4*c**2 + 3*c + 1. Let k be t(o). Let f(y) be the first derivative of y**4/4 + y**3/3 - y**2/2 + 1547. What is f(k)?
1
Let b = 61 - 57. Let h(s) = -4 + 4 - b*s + 3*s - 7. Give h(-5).
-2
Let p = -21 + 24. Let l(v) = 19*v**2 + 1 - 18*v**2 + 0 - v + v**p. Suppose 0 = 4*a + q - 6, 4*a - 5*q = -2*q - 2. What is l(a)?
2
Suppose 2*z + 3*k = -16, 3*k + 30 = -5*z + 8. Let m(c) = 2*c**3 + 2*c**2 - 5*c - 6. Determine m(z).
-4
Let u = 11 - 18. Let g = u - -9. Let d(p) = -p - p**2 - 181 - g*p + 180. Calculate d(-2).
1
Let y = 4 - 2. Let n(r) = -7*r + 3. Let z(k) = -3*k + 2. Let s(u) = y*n(u) - 5*z(u). What is s(0)?
-4
Let t(m) be the first derivative of -m**4/4 - m**3 + 4*m**2 - 7*m - 125. Determine t(-5).
3
Let p(t) = t**2 + 2*t - 2. Let n be -1*(-9)/(-6)*10. Let c = n + 10. Let u = 2 + c. Give p(u).
1
Suppose 0 = -2*r + 3*r - 7. Let x(a) = a**3 + 5*a**2 - 2*a + 3. Let d(o) = 2*o**3 + 10*o**2 - 3*o + 5. Let u(t) = r*x(t) - 4*d(t). Calculate u(-3).
-11
Let a(r) be the first derivative of 0*r**2 + 7/3*r**3 + 1/8*r**4 - 9 - 1/40*r**5 + 0*r. Let f(w) be the third derivative of a(w). What is f(4)?
-9
Let v(y) = 4*y**2 - 2*y**2 - 2 - 4*y**3 + 3*y**3. Suppose 1 - 7 = -3*j. Suppose -9*s = j*s - 22. What is v(s)?
-2
Let w(s) = 3*s - 16. Let k be ((-42)/35)/((8/20)/(-2)). What is w(k)?
2
Let j(t) = -t**3 + 6*t**2 + t + 1. Let w = -17 - -20. Suppose -5*h - 90 = w*p, -2*p = 4*h + p + 75. Let y be ((-6)/h + -1)*-10. What is j(y)?
7
Let p(r) = -r + 1. Let w(h) = h - 1. Let l(g) = -p(g) - 3*w(g). Let s be (-252)/52 + (-4)/26. Give l(s).
12
Suppose 5*k - 61 + 21 = 2*x, 5*k = -x + 25. Let c(i) = 181 + 2*i - 8*i + i**2 - 177. What is c(k)?
4
Let t = -22 - -16. Let g be 2/6 - 34/t. Let l(h) = -15*h + 5. Let q(k) = 22*k - 5. Let v(w) = -3*l(w) - 2*q(w). What is v(g)?
1
Let o(h) be the second derivative of h**4/3 - h**3/3 - 773*h. Give o(2).
12
Let i(t) = 35 - 28 - 3 - 33 - 3*t. Calculate i(-9).
-2
Let s be 2 + -5 + 10 + -3. Let c(d) = 1 + 11*d - s - 16*d. Suppose 3*n = -p - 4 - 7, 0 = -2*p - 4. Calculate c(n).
12
Suppose 3*w = -2*w + 55. Let k = w - 10. Suppose 4*h + 25 = -3*n, 3*n - 5*h + k = -3*h. Let a(o) = -o**3 - 2*o**2 + o + 1. What is a(n)?
7
Let m(g) = 15*g - 9. Let c(k) = -7*k + 4. Let x(i) = -5*c(i) - 2*m(i). Let n(s) = s**3 - 12*s**2 + 12*s - 9. Let b be n(11). Determine x(b).
8
Let y(m) = 9 + 11*m + 10*m - 19*m. Calculate y(-4).
1
Let p(m) = 2 - 5*m**2 + 3*m**3 - 2*m**3 - 5*m + 2. Let d be (-413)/(-77) - (-28)/(-77). What is p(d)?
-21
Let d(x) = 66*x + 17 - 182*x + 65*x + 49*x. Calculate d(0).
17
Suppose 0 = -3*s - 0*s + 6. Suppose s*k = 3*k. Suppose k = -a + 4, -5*m + 0 = -a - 11. Let c(o) = -o**2 + 4*o - 4. What is c(m)?
-1
Let b(l) = -l**2 + l - 1. Let g(a) be the third derivative of a**6/120 + a**5/30 + a**4/8 - a**3/3 - 12*a**2. Let p(o) = -2*b(o) + g(o). Give p(-3).
6
Let r = -20 - -14. Let p(x) = -x**3 - 7*x**2 - 7*x - 8. Let y be p(r). Let v(l) = -25*l + 5. Let t(d) = 9*d - 2. Let s(k) = -5*t(k) - 2*v(k). Give s(y).
-10
Let d(g) = g**3 + 2*g**2 - 2*g + 3. Let u be d(-3). Let x be -2 - 0 - (-2 - -3). Let q = x - u. Let k(h) = h**3 + 5*h**2 + 4*h. What is k(q)?
6
Let v(g) be the second derivative of -g**5/20 + g**3/6 + g**2/2 + g. Let c = -301 - -301. What is v(c)?
1
Let j(b) = 6 + 5180*b**2 - b**3 + 4 + 4*b - 5174*b**2. Calculate j(7).
-11
Let v be (2/7*7)/(4/8). Let j(z) = -z**2 + 3*z - 3. Calculate j(v).
-7
Suppose -5*x - 2*g = 308, -2*x - 304 = 3*x + g. Let m be 4/(-10) - 24/x. Let a(u) = m - 3 + u + 4. Calculate a(5).
6
Let t(j) = j + 26. Let i(x) = 4. Let w(f) = -7*i(f) + t(f). Suppose -4*h - s - 17 = -0*s, -5*h = 4*s + 24. What is w(h)?
-6
Let k(r) = -2*r**3 + 48*r**2 - 86*r - 40. Let n be k(22). Let g(t) = -4*t + 2*t + 3 - 1. Determine g(n).
-6
Let b(m) = -4*m. Let t be b(1). Let n be t/(-6) - (-26)/6. Let i(v) be the second derivative of -v**4/12 + v**3 - 5*v**2/2 + 353*v. Calculate i(n).
0
Let x(h) = 7*h**2 - 11*h. Let r(z) = 3*z**2 - 5*z. Let y = 20 - 25. Let f(i) = -i**2 - 2*i + 11. Let t be f(y). Let u(p) = t*x(p) + 9*r(p). Calculate u(0).
0
Let n(v) be the second derivative of -v**4/12 + 2*v**3/3 + 3*v**2 - 59*v. What is n(6)?
-6
Let s(y) be the first derivative of 5*y**2/2 - y + 111. Give s(-5).
-26
Let v(q) be the first derivative of 3/4*q**4 - 1/2*q**2 + 4 + 0*q + 2/3*q**3. Determine v(1).
4
Suppose -3*l + 2*l - 15 = -2*p, -2*p - 4*l + 40 = 0. Suppose -4*d - 4*x = 8, p = -3*d - 4*x + 4. Let q(o) = -111 + 0*o + 2*o + 214 - 104. Determine q(d).
-5
Let i be (-1)/(2/(-6)*1). Let y(h) = i*h - 5*h - 3 - 7*h + 2. Give y(1).
-10
Let q(c) = -c**2 - 6*c + 2. Suppose 0 = -s + 2 - 8. Let x be q(s). Suppose -8 = -x*g + 2. Let t(f) = -f**3 + 6*f**2 - 5*f + 1. Determine t(g).
1
Let p(t) = -t**3 + 1 - 7*t**2 - 3 + 228*t - 233*t. Calculate p(-4).
-30
Let f(i) = 46*i**2 - 13*i - 4. Let z(h) = 15*h**2 - 4*h - 1. Let n(o) = 2*f(o) - 7*z(o). Calculate n(1).
-12
Let z(f) = 4*f. Let p(s) = -7*s - 2. Let o(g) = 3*p(g) + 5*z(g). Suppose 3*a - 12 = -a. Suppose 0 = 5*x + a*l - 25, -l - 2*l = 0. Calculate o(x).
-11
Let x(v) = v**2 - 10*v + 7. Let p be 6/5*38/(-57)*-10. What is x(p)?
-9
Let w(s) be the second derivative of -s**5/20 + s**4/2 - 5*s**3/3 + 15*s**2/2 - 651*s. Determine w(5).
-10
Suppose -6*f - 4 = -16. Let m(c) = -5*c + 10. Let x(s) = -7*s + 11. Let r(u) = f*x(u) - 3*m(u). What is r(6)?
-2
Suppose 14 = 5*z + 4*u - 5*u, 5*z = -u + 16. Let i(b) = 7*b**3 + 6*b**2 - 3*b - 3*b**2 + b**z - 7*b**3 + 3. Give i(-3).
12
Let x(o) be the first derivative of -o**3/3 - 7*o**2 + 6*o - 93. Determine x(-13).
19
Let g(n) = -2*n**3